
False
Is 3128467231 a prime number?
True
Is 48361561203 composite?
True
Is 51171187261 composite?
True
Is 1865647951 prime?
True
Is 251315327 prime?
True
Is 384649039 prime?
True
Is 4375373489 prime?
True
Is 1390296979 prime?
True
Is 2986387 a prime number?
True
Is 65323282211 prime?
False
Is 37456927133 composite?
True
Is 2054963051 a composite number?
True
Is 120358981969 prime?
True
Is 1466972489 prime?
True
Is 4850576311 a composite number?
True
Is 101534477 composite?
True
Is 796283311 a composite number?
False
Is 22561562411 a prime number?
False
Is 1955921683 prime?
True
Is 17470598798 a prime number?
False
Is 6361254957 a prime number?
False
Is 1777027481 composite?
True
Is 80045267 prime?
False
Is 154012511 a composite number?
False
Is 8215100093 prime?
False
Is 925263439 a composite number?
True
Is 1969327537 a composite number?
False
Is 1223960161 a prime number?
True
Is 495103303 composite?
False
Is 4543765217 a prime number?
True
Is 3249197803 composite?
False
Is 141040127 prime?
True
Is 1409632673 a prime number?
False
Is 899978645 a prime number?
False
Is 714171011 composite?
False
Is 2068182593 a composite number?
False
Is 4779653147 a composite number?
False
Is 170485697 a prime number?
False
Is 5155219967 prime?
True
Is 691015223 prime?
False
Is 5321906209 composite?
True
Is 161572069 a composite number?
False
Is 416702411 a prime number?
True
Is 8003617409 a composite number?
False
Is 77567233 composite?
True
Is 2288926789 a composite number?
True
Is 71387576951 prime?
True
Is 412137133 a prime number?
True
Is 12164374559 prime?
False
Is 78865545377 prime?
True
Is 45004891891 a composite number?
False
Is 77127101791 prime?
False
Is 98682016259 composite?
True
Is 649460081 a prime number?
True
Is 22245628591 a composite number?
True
Is 1460781481 a composite number?
False
Is 83301979 composite?
True
Is 95527577 a prime number?
True
Is 3348195127 composite?
False
Is 61966105741 composite?
False
Is 558513814 prime?
False
Is 916325585039 a composite number?
False
Is 84622229 prime?
True
Is 15338410829 prime?
False
Is 4791509077 prime?
True
Is 474972989 prime?
True
Is 196492904393 a prime number?
True
Is 265840307 a prime number?
False
Is 1997309551 a composite number?
True
Is 8715612082 prime?
False
Is 613548191 a composite number?
False
Is 320394493 a composite number?
False
Is 3689259857 a prime number?
False
Is 7609840061 a prime number?
False
Is 3161568539 prime?
True
Is 65822770963 a composite number?
False
Is 1616643949 composite?
False
Is 985983959 a composite number?
False
Is 23667116701 a composite number?
False
Is 23913323069 composite?
True
Is 11545031273 prime?
True
Is 21787033511 a prime number?
True
Is 34451340431 composite?
True
Is 1017506233 a composite number?
False
Is 104160163 a prime number?
False
Is 5649289223 prime?
False
Is 79624282929 prime?
False
Is 336432787 a prime number?
True
Is 14040537769 a prime number?
True
Is 10122257811 composite?
True
Is 562616267 composite?
False
Is 481758973 composite?
True
Is 4051136113 composite?
False
Is 37051558151 a composite number?
True
Is 553923679 a composite number?
False
Is 9119821 a composite number?
True
Is 1299716093 a composite number?
True
Is 389079637169 prime?
True
Is 3715801597 composite?
False
Is 15025825543 a prime number?
False
Is 1370126963 a composite number?
False
Is 21568131818 a composite number?
True
Is 6967737713 a prime number?
True
Is 29130947 composite?
False
Is 36861712865 a prime number?
False
Is 10047764431 a composite number?
True
Is 20557082989 composite?
False
Is 3881282065 composite?
True
Is 59127952523 composite?
True
Is 825099521 prime?
True
Is 1691846789 composite?
True
Is 277315229 composite?
False
Is 5787427747 prime?
True
Is 1468858723 a prime number?
False
Is 18591665641 a prime number?
True
Is 44752927837 composite?
True
Is 8417942699 composite?
False
Is 4847210737 a prime number?
True
Is 1373071663 a prime number?
False
Is 29689686679 composite?
True
Is 1094779877 a composite number?
True
Is 66701933 a prime number?
True
Is 427447781 a composite number?
False
Is 93972039431 composite?
False
Is 18806775649 composite?
False
Is 10797139681 composite?
False
Is 38734525937 a composite number?
False
Is 1155305903 composite?
False
Is 65713915 a composite number?
True
Is 145910328359 composite?
False
Is 28862948362 a prime number?
False
Is 7101684287 prime?
True
Is 5272332931 a composite number?
False
Is 608637833 prime?
False
Is 9455042251 a composite number?
False
Is 6281728069 a composite number?
True
Is 1578557579 a prime number?
True
Is 18179461 a prime number?
True
Is 11810580623 a composite number?
False
Is 2451563087 a composite number?
False
Is 79417729 prime?
True
Is 1761644173 prime?
True
Is 2835275459 a prime number?
True
Is 248444357119 a composite number?
True
Is 722971307 prime?
True
Is 567370159 a composite number?
True
Is 29039842261 a prime number?
False
Is 12678839713 a prime number?
False
Is 64531753361 prime?
False
Is 158431627 composite?
False
Is 3135827941 a prime number?
False
Is 10847274421 a composite number?
True
Is 4136511259 a prime number?
True
Is 83123898073 prime?
True
Is 111737758751 prime?
True
Is 116393403887 a composite number?
True
Is 89175437173 a prime number?
True
Is 1034000327 composite?
True
Is 2231467999 composite?
False
Is 31560400757 a prime number?
True
Is 51482549159 a prime number?
False
Is 5497880511 a composite number?
True
Is 718122311 prime?
True
Is 99005014751 a composite number?
False
Is 3374663603 prime?
False
Is 3093118607 prime?
False
Is 108542333 a composite number?
False
Is 1836826721 a prime number?
True
Is 943840069 a prime number?
False
Is 77734825397 a prime number?
False
Is 20817140027 prime?
False
Is 12012030433 a prime number?
False
Is 401791969 composite?
False
Is 175638153274 prime?
False
Is 1114509329 a composite number?
False
Is 4504051379 composite?
False
Is 5636963051 composite?
True
Is 3345181627 composite?
False
Is 23140561 composite?
True
Is 53557811 prime?
False
Is 3572604687 composite?
True
Is 557122151 prime?
True
Is 14357640763 composite?
False
Is 865715155 prime?
False
Is 363548567 a composite number?
False
Is 3777428503 prime?
False
Is 2886977497 composite?
False
Is 494852395 a prime number?
False
Is 51872837 composite?
False
Is 6119331347 a prime number?
False
Is 33170449439 a prime number?
True
Is 40759312307 a prime number?
False
Is 11781963341 a composite number?
True
Is 1824745621 prime?
False
Is 699916319 a prime number?
False
Is 6433503199 composite?
False
Is 5286811877 a composite number?
True
Is 888867953 composite?
False
Is 49150977229 a prime number?
True
Is 27128835829 composite?
True
Is 2250085217 composite?
False
Is 3148840943 a prime number?
False
Is 211213147 a composite number?
False
Is 3701864897 a prime number?
False
Is 68076428591 prime?
True
Is 104297215174 a prime number?
False
Is 53014415177 prime?
False
Is 1769084581 a composite number?
True
Is 2662322629 prime?
False
Is 1423073677 a prime number?
False
Is 684244439 composite?
False
Is 1220045501 a prime number?
True
Is 204152329 prime?
False
Is 15882714619 a composite number?
True
Is 140037103 a composite number?
False
Is 32415805967 composite?
False
Is 5441613731 a prime number?
True
Is 14492833598 composite?
True
Is 76789217 a composite number?
True
Is 5591921987 composite?
False
Is 4648416503 a prime number?
True
Is 114055922 composite?
True
Is 10522727273 a prime number?
False
Is 102373049 prime?
False
Is 840523405 a prime number?
False
Is 322343513 composite?
True
Is 6217148923 a prime number?
True
Is 35086570807 a composite number?
False
Is 3126531593 a prime number?
False
Is 9403245043 composite?
True
Is 468499615 a composite number?
True
Is 2315025329 a prime number?
True
Is 19904755759 a prime number?
False
Is 24901995959 prime?
True
Is 27780258601 a composite number?
False
Is 391058489387 a composite number?
False
Is 9482767733 a prime number?
False
Is 2678570861 a composite number?
True
Is 217579475749 a composite number?
False
Is 535080901 a prime number?
False
Is 197493214 prime?
False
Is 2871731623 a composite number?
False
Is 29426658095 composite?
True
Is 317532245 prime?
False
Is 28551641 a prime number?
True
Is 1558547251 prime?
True
Is 81183493427 prime?
Fa